 the units digit of n(4)?
3
Let r(u) be the first derivative of -u**4/4 - u**3/3 - u**2 + 20*u - 7. Suppose 0 = m - 2*m. What is the tens digit of r(m)?
2
Suppose -65 = 4*b + 31. What is the hundreds digit of (2948/16)/1 + 6/b?
1
Suppose 0 = h + 20 - 16. What is the units digit of 20/(-80) + (-169)/h?
2
Let f = -1225 - -1137. Let z be ((-2)/(-4) - 1)*-282. Let l = z + f. What is the units digit of l?
3
Let f = 56 + -71. What is the tens digit of (-4392)/f + (-28)/35?
9
Let z(k) = 53*k + 1. Let w be z(4). Let g = w - 90. What is the units digit of g?
3
Let y(c) = -28*c + 52. What is the units digit of y(-20)?
2
Let b(o) = -o**3 + 3*o**2 + 14*o + 4. Let y be b(5). Suppose 27*l - 126 = y*l. What is the tens digit of l?
4
Suppose n = i - 15, 0*n + 3*n + 23 = i. Suppose i*m + 15 = 6*m. Let g(d) = -12*d - 1. What is the units digit of g(m)?
5
Let m = -20 + -6. Let a = 65 + m. What is the units digit of a?
9
Suppose 2*g - 20 = 3*y + y, -25 = 5*y - 3*g. What is the units digit of (-1)/(y/(-2)) - 291/(-15)?
9
Let r(m) = -6*m**3 + 2*m**2 - m. Let k be r(1). Let f = 75 + -83. What is the units digit of (f/(-6))/(k/(-15))?
4
Suppose 4*r + 9*r = 1924. Suppose 221 = 3*k - r. What is the units digit of k?
3
Let p(v) = -3*v**3 - 12*v**2 - 22*v + 13. What is the units digit of p(-6)?
1
What is the thousands digit of (-76)/(-8)*(-2)/4*-236?
1
Let a be (-3 + 4)*-2 + 508. Suppose 334 + a = 12*r. What is the units digit of r?
0
Let j = 361 + -16. Suppose -5*h + 0*h + j = 0. What is the units digit of h?
9
Let b = -3180 - -5352. What is the hundreds digit of b?
1
Let g(k) = 4*k**2 - k + 1. Let c be 2 + -4 + (0 - -3). Let n be g(c). What is the units digit of 42*((-6)/n + 2)?
1
Let u = -71 - -63. What is the units digit of u/(-28) + (-509)/(-7)?
3
Suppose 4*o = -t + 17531, 5*o - 14*t = -11*t + 21901. What is the thousands digit of o?
4
Let d(v) = 2*v**2 - 2*v + 218. What is the tens digit of d(0)?
1
Let y = -34 - -358. What is the tens digit of y?
2
Let t(f) = f**3 + f + 2. Let p be t(2). Suppose p*o - 2*o - 620 = 0. What is the units digit of o?
2
Let a(c) = 19*c**2 - 3*c - 11 + 13*c + c**3 - 6*c**2. Let w be 18/(-2)*4/3. What is the units digit of a(w)?
3
Suppose -3*j + 2*j = -1, -j - 80 = -m. Let c = 231 - m. What is the hundreds digit of c?
1
Let u = -13 + 38. What is the units digit of 4/10 + 3165/u?
7
Suppose -4*a + 1692 = d - 5*d, 0 = d + 3. Suppose w = -3*w - 5*i + 345, -5*w + 5*i + a = 0. What is the tens digit of w?
8
What is the units digit of 4*(-2)/8*-14?
4
Suppose -5*n = 2*o - 5*o - 19, -5*o = 5*n + 85. Let x(i) = 1 - 3 - 282*i + 562*i - 283*i. What is the units digit of x(o)?
7
Let l = 36 - 35. What is the tens digit of l/(708/(-237) - -3)?
7
Suppose 9*s - 860 = 3118. What is the tens digit of s?
4
Suppose -5*s = -0*s - 25. Suppose 181 = s*l + 66. Suppose -2*m + 26 = 2*k, 5*k - l - 10 = -3*m. What is the tens digit of m?
1
Let q(w) = w + 1. Let j be q(5). Let h be -2*(213/j + 2). What is the units digit of (-16)/10*h/6?
0
Let a = 28 + -23. What is the tens digit of a*10*(-3)/(-6)?
2
Let h(t) = t**3 + 5*t**2 - 3*t + 13. Let s be h(-6). What is the tens digit of s/(90/4) + 2636/36?
7
Let m(p) = p**3 + 36*p**2 + 26*p + 121. What is the units digit of m(-31)?
0
Suppose 0 = -5*v + 2*w - 395, -3*v + 0*w = -2*w + 241. Let h = v + 142. What is the units digit of h?
5
Let t be ((-3)/9)/1*-876. Suppose -o + 174 = 3*r - 0*o, -5*r + t = o. What is the units digit of r?
9
Suppose 0 = 2*c + 1 + 5. Let u be (c + (5 - 2))/2. Suppose u*n - 3 = -3*n. What is the units digit of n?
1
Let z = -211 + 911. What is the hundreds digit of z?
7
Let o(y) = -18*y**3 + y**2 + y. Let n = -4 - -3. Let w be o(n). What is the units digit of 562/w - 4/18?
1
Suppose 308 = i + 3*s - 8*s, 5*s + 1277 = 4*i. What is the tens digit of i?
2
Suppose -6 = -4*f + 66. Let d = f + -14. What is the tens digit of ((-9)/d)/(9/(-48))?
1
Let j(b) = -240*b - 437. What is the tens digit of j(-5)?
6
Suppose -2*p = -5*j + 56, 7*p + 32 = 2*j + 3*p. Let h be ((-12)/j)/(18/(-60)). Suppose 5*q - 129 = 2*c, c = -h*q + 3*c + 104. What is the tens digit of q?
2
What is the tens digit of ((-34)/(-51))/((-1)/(-609))?
0
Suppose 0 = 99*y - 115*y + 6656. What is the tens digit of y?
1
Suppose 2*b + 4 = -t, 5*t - 16 = -3*b - 1. Suppose -2*c = -4*c + t. Suppose c*g - 47 = -4*y, -4*g = -2*y + 2 - 6. What is the units digit of y?
8
Suppose -6*g = 836 - 4742. What is the units digit of g?
1
Suppose -p + 3*p = -12. Let b(t) = t**2 + 6*t. Let z be b(p). Suppose 2*r - 12 - 22 = z. What is the units digit of r?
7
Let g(u) = 4*u - 3. Suppose 3*c + 0 - 6 = 0. Let f be g(c). Suppose -f*z - p = -4*p - 119, 2*z - 38 = -2*p. What is the tens digit of z?
2
What is the hundreds digit of 248/3*(-54)/(-36)?
1
Suppose d + 0*d = 21. Suppose -d*b + 17*b + 508 = 0. What is the hundreds digit of b?
1
Let s(p) = -7 + 6 - 4*p + 0*p + 8*p**2. What is the units digit of s(-1)?
1
Let o(x) = 99*x + 5. Let y be o(3). Suppose -2*k + y = d, k - 55 - 96 = 4*d. Suppose 0 = -3*j + a - 2*a + 139, 0 = 3*j + 4*a - k. What is the tens digit of j?
4
Let g = 48 + -46. Let k be 0/2*(-1)/(-2). Suppose 5*q - 3*s - 110 = k, -3*q + g*s = -3*s - 82. What is the units digit of q?
9
Suppose -218 - 708 = -o. What is the units digit of o?
6
Let f be (2 + -2 - 2) + 310 + 5. Suppose -f = -3*a + c, 0*c - 2*c = 4*a - 424. What is the units digit of a?
5
Let w(i) = -11*i + 6. Suppose -2*b - 2*q + 0 = -4, 5*q - 7 = -2*b. Let y be b/(11/(-5) + 2). What is the tens digit of w(y)?
6
Suppose -12*p - 26867 = -8759. What is the units digit of (-19)/(-190) + p/(-10)?
1
Let f(v) = -66*v**2 - 61*v**2 - 1 + 61*v**3 + 128*v**2. Suppose -2*p + 2 = -0*p. What is the units digit of f(p)?
1
Let u = 11155 + -7677. What is the thousands digit of u?
3
Let a be 4/(1 - -3)*-1. Let y(g) = -2*g. Let v be y(a). Suppose 0 = 3*p - 9, -3*p + 164 = -v*b + 7*b. What is the units digit of b?
1
Let o(w) = -w**3 - w**2 - 5*w + 1. Let l be o(-4). Suppose -5*u + l + 11 = 0. What is the units digit of u?
6
Let i = 12 - 17. Let r be (-5 - -1) + 4 - i. Suppose -2*k + 4*s + 161 = k, 283 = r*k - 3*s. What is the tens digit of k?
5
Suppose -17*v + 21504 = 11*v. What is the units digit of v?
8
Suppose -28 = -12*t + 5*t. Suppose 0 = -t*q + 2 + 22. What is the tens digit of 225/q - 15/10?
3
Let s(k) = -18*k**3 + 6*k**2 + 6*k - 29. What is the thousands digit of s(-5)?
2
Suppose 0 = -5*r, -s + 3*r + 5 = -r. Suppose 3*l + s*d - 3 = 0, 3*l - d - d = 24. Suppose 7*n = l*n + 31. What is the units digit of n?
1
Let p(f) be the first derivative of f**3/3 - f**2 + 7*f + 12. What is the units digit of p(-6)?
5
Let t(u) = 1 + 35*u - 2 - 132*u. Let w be t(-1). Let b = 165 - w. What is the units digit of b?
9
What is the hundreds digit of (-9)/1 - 496/(-1)?
4
Let z = -1 - -13. Suppose n = -0*x + 3*x - 174, 4*n = -z. What is the units digit of x?
7
Suppose 0 = 3*t - 2 + 5, 3*b - t - 17122 = 0. What is the units digit of b?
7
Suppose -4*x - 4*h + 2 = -5*x, 26 = -x - 2*h. Let j = 79 + x. What is the tens digit of j?
6
Let b be 4/8*(6/3 + 2). Let i = b - -54. What is the tens digit of i?
5
Let w(k) = -k**3 + k**2 + 12*k + 26. What is the thousands digit of w(-12)?
1
Suppose -12 = 2*d - 6. What is the units digit of d/(-6) + (-428)/(-8)?
4
Let i(x) = 17*x - 25. Let k be i(-4). Let b = k - -159. What is the tens digit of b?
6
Suppose -3*i + 0*i + 4*u = -96, -i + 45 = 3*u. Suppose 6*p = 4*p + i. What is the tens digit of p?
1
Suppose -457 = -4*s - 2*g + 455, 0 = -5*s + 5*g + 1125. What is the hundreds digit of s?
2
Let r = -214 - -143. Let s = r + 160. What is the units digit of s?
9
Suppose -16 = -4*c, s + 3 = -4*s - 3*c. Let w(f) = -f + 4. Let y be w(s). Suppose -y*q = -11*q + 132. What is the units digit of q?
3
Let l(x) = x**3 + x + 2. Let h(i) = -i**3 - i - 3. Let m(q) = -6*h(q) - 5*l(q). Let p be m(0). What is the tens digit of -2*6/(-4) + p?
1
Let c = 39 - 36. Suppose -c*g - 12 - 3 = 0. What is the tens digit of 3/(g - -2)*-62?
6
What is the units digit of ((-77)/14 + 1)/((-2)/472)?
2
Let d be (-3 + 72/20)*85. Let k = -32 + d. What is the units digit of k?
9
Let s(w) = 11*w - 30 - 5 + 2. What is the units digit of s(8)?
5
Suppose -5*i - 19 = -2*f, 0*i - 2*i = -f + 8. Suppose -f*w = 5*w - 252. What is the tens digit of w?
3